-6*q - p. Calculate the greatest common divisor of q and r.
4
Let c be ((-48)/(-10))/(2/40). Let i be 3 - (-17 - (-17 - -9)). Calculate the greatest common factor of c and i.
12
Let o = 48 - 16. Let w(n) = 2*n + 1. Let x be w(6). Suppose x - 45 = -2*d. What is the greatest common divisor of o and d?
16
Let j be (-2)/(-1) + (73 - 0). Suppose 2*z - j = 89. Let l = z - 54. Calculate the highest common factor of l and 252.
28
Suppose -8*n + 1221 - 101 = 0. Suppose -5*g = 5*j - n, -4*g - g = -3*j - 132. What is the highest common divisor of 63 and g?
9
Let c be -1 + (-122)/(-2) - -4. Let w = -61 + c. What is the highest common factor of 12 and w?
3
Let s be ((-80)/(-110))/((-6)/(-33)). What is the greatest common divisor of s and 28?
4
Let z be 36/14 + -1 + 30/21. Suppose -2*n - 370 = -5*c - 4*n, z*c - 222 = -2*n. Calculate the highest common factor of 185 and c.
37
Let n(i) = i**2 - 7*i + 5. Let v be n(6). Let h be 6*4/(4/v). Let s be 99*(h/2 - -4). What is the greatest common divisor of s and 11?
11
Suppose 5*k - 55 = -b - 14, b + 2*k = 56. What is the highest common factor of 44 and b?
22
Let m = 327 + -271. What is the highest common factor of 224 and m?
56
Let q = 7 + 11. Suppose 4*a = r - 0*a + q, 0 = -a + 5. Let d be r/(-10) - (-405)/25. Calculate the highest common divisor of 176 and d.
16
Suppose 3*p - 468 = -p. Let l = -26 + 45. Let d be 0 + 11 + (21 - l). What is the highest common divisor of d and p?
13
Suppose 28*f - 6760 = 15*f. What is the highest common divisor of 312 and f?
104
Let f(d) = -d**3 + 4*d**2 + 3*d + 18. Let m be f(5). Suppose -m = -2*a, 2*i + 4*a = 7*i - 914. Calculate the greatest common factor of i and 31.
31
Suppose -4*y + 9*y - 296 = 3*q, 4*y - 247 = -q. Calculate the highest common divisor of 549 and y.
61
Let h(o) be the first derivative of 2 + 2*o - o**2 + 4/3*o**3. Let z be h(2). What is the greatest common factor of z and 2?
2
Let m = -77 + 51. Let x = 34 + m. Calculate the greatest common factor of 16 and x.
8
Suppose 3*h - 6*h = 5*w - 228, h - 1 = 0. Suppose -2*l + 49 = 5*y, 4*y + l = -4*l + 46. Calculate the greatest common factor of y and w.
9
Let d(x) = -5*x**3 - x**2 - x. Let r be d(-1). Let l be 6/(-15) + (-6)/(-15). Suppose 120*f - 118*f - 50 = l. What is the highest common factor of f and r?
5
Let m be (174 + 22)*(0 + -1)*-5. What is the highest common factor of 280 and m?
140
Let s(p) = -22*p - 899. Let g be s(-42). What is the greatest common factor of 35 and g?
5
Let g(p) = 3*p**2 - 17*p + 2. Let w be g(14). Suppose -72 + w = 5*l. What is the highest common divisor of l and 7?
7
Let h be (-3)/(2/(-12)*-9). Let g be h + 7 + 6/(-3). Let r be ((-116)/8)/(g/(-6)). What is the highest common divisor of r and 203?
29
Let g = -19 + 22. Let t be (81*g + -2)/(-1). Let c = -161 - t. Calculate the greatest common divisor of c and 16.
16
Let c = 644 - 212. Calculate the highest common factor of c and 27.
27
Suppose 0 = 33*t - 20*t - 78. What is the highest common divisor of t and 12?
6
Let y = 0 - -3. Suppose 0 = -2*n + 6*n - 5*z - 210, y*z - 144 = -3*n. Calculate the highest common factor of 30 and n.
10
Let u be (-2)/7 - 184/(-7). Let w(f) = f**3 - 2*f**2 - 5*f + 1. Let g = -18 - -22. Let y be w(g). What is the highest common factor of y and u?
13
Let t be 115/4 - (-1 - 27/(-36)). Suppose -3*b + 400 = -122. What is the highest common divisor of t and b?
29
Let r be (12/15)/((-2)/70*2). Let w be (-670)/(-4) - r/28. What is the greatest common factor of w and 24?
24
Let q be ((-2)/(-4))/((-82)/(-2132)). Calculate the highest common factor of q and 377.
13
Let p(z) = z**3 - z**2 + 215. Let v be p(0). Suppose 4*j + v = -j. Let q = j - -61. What is the greatest common divisor of q and 27?
9
Let k be ((-15)/6)/((-4)/(-8)). Let x be (1 + (-7)/k)/((-9)/(-30)). What is the highest common divisor of x and 16?
8
Let k be (-52)/(-8)*1*6. Let q be 2/(-24) + (-38417)/(-492). Calculate the greatest common divisor of q and k.
39
Let n be 5/3 - ((-64)/12 + 6). Let l be (n - 0) + 6 + -2 + 135. What is the greatest common factor of 20 and l?
20
Let g(u) = -24*u**2 - 175*u + 5. Let w be g(-7). Calculate the greatest common divisor of w and 72.
18
Suppose -36*k + 295 = -65. Calculate the highest common factor of 190 and k.
10
Let q = -98 - -260. Let s = 13 + -11. Suppose s*k + 34 = 2*w, -5*w - 3*k + 6*k + 87 = 0. What is the greatest common divisor of q and w?
18
Suppose m = -p + 5, -m + 6 = 3*p - 3. Suppose 0*f - 6 = -f. Calculate the greatest common divisor of f and m.
3
Let b = 321 + -151. Calculate the highest common divisor of b and 10.
10
Let w be -42*4*1/(-24). What is the greatest common factor of 105 and w?
7
Let r be ((-6)/(-4))/(24/112). Let z = r - -189. Calculate the highest common factor of 28 and z.
28
Suppose -2*x + 8 = 2*x. Let h be (1 + x)/((-3)/(-104)). Let v = h + -29. Calculate the highest common factor of 25 and v.
25
Let f be 2/(((-2)/(-10))/(3/6)). Let w be 448/f + 36/90. What is the greatest common factor of w and 18?
18
Let a = 14 + 0. Let l = -13 - -7. Let d be (-28)/(-5)*(-135)/l. Calculate the greatest common factor of a and d.
14
Let x(a) = 2*a + 48. Let o be x(20). Calculate the highest common divisor of 8 and o.
8
Suppose -n + 5*u - 9 = 0, -4*n + 3*u + 15 = -17. Suppose -10*l + n*l = 5. Calculate the greatest common factor of l and 1.
1
Let k = -5 + 9. Suppose -k*n + 2*n + 10 = 0. Suppose -2*j - 4*a = -90, -n*j - 4*a + 160 = -j. What is the highest common divisor of j and 7?
7
Let f be (0 - -115)*184/115. What is the greatest common factor of 8 and f?
8
Suppose -2*x + 10 = 0, -x + 0*x - 21 = -2*c. Let b = -6 + 6. Let h be (b - 2)/(6/(-351)). What is the highest common factor of h and c?
13
Suppose 0 = 13*o + 17*o - 21000. Calculate the highest common divisor of o and 420.
140
Suppose 0 = 8*l - 610 + 26. Calculate the highest common factor of 1 and l.
1
Let o be -6 + 31 - (1 - -3 - 3). Calculate the greatest common factor of 12 and o.
12
Suppose 20*g + 19188 = 33*g. Calculate the greatest common factor of 18 and g.
18
Suppose 27*n - 6 = 24*n. Suppose 0*c + 3*c = -2*g + 44, -n*g - 10 = 0. Suppose 2*i + 450 = 7*i. Calculate the greatest common divisor of c and i.
18
Let p be -1 + (-48)/(-26) + 2/13. Let h(y) = 6*y**3 + 2*y - 2. Let k be h(p). What is the greatest common divisor of 6 and k?
6
Let i be (-21)/(-2)*(-72)/(-21). Let r = 44 - 35. Calculate the greatest common factor of r and i.
9
Let i be (-31)/(-8) - 17/(-136). Suppose 0 = 3*k + 2*t + 4, -i*t + 9 = -5*k + 39. Suppose -3*l + 8 = -l. What is the highest common divisor of l and k?
2
Let a be (10 - 918/(-144)) + (-6)/16. What is the highest common factor of a and 368?
16
Suppose -5*w - 6 = -g, -3*g - 1 = -2*g + 2*w. Let r be (-2 - (g + -4))*37. Let p = -21 + r. Calculate the greatest common divisor of 16 and p.
16
Let f(a) = -5*a**2 + 124*a - 6. Let p be f(21). What is the greatest common divisor of p and 917?
131
Suppose -s - 34 = -2*s. Let x = 48 - s. Calculate the highest common divisor of 28 and x.
14
Let r(u) be the second derivative of 4*u**3 + 9*u. Let f be r(2). Calculate the greatest common factor of f and 32.
16
Suppose -50*l + 1948 = -352. What is the highest common divisor of 1242 and l?
46
Let h = 1251 + -1231. Suppose 12 = s - 8. What is the greatest common divisor of h and s?
20
Let g be ((-9)/(-6))/((-3)/(-4)). Suppose -g*a - 689 = -n + a, 2137 = 3*n + 5*a. Suppose n = -l + 5*l. What is the greatest common divisor of l and 16?
16
Let x(h) = 62*h + 127. Let u be x(-2). Let y = 2 + -1. Let k be (y + -5)*(1 + -7). Calculate the highest common factor of k and u.
3
Let v(s) = 2*s**3 - 9*s**2 + 6*s - 22. Let p be v(5). Calculate the greatest common divisor of 418 and p.
11
Let b be (3/(-6))/((-1)/10). Suppose -b*g = -2*y + 44, -2*y + 27 = g + 7. Let q = -229 - -237. Calculate the highest common divisor of y and q.
4
Suppose -31 - 41 = -6*j. Let n = 12 - 3. What is the highest common factor of j and n?
3
Let g(i) = i**3 + 8*i**2 + 13*i + 21. Let z be g(-7). Let l(b) = b**2 + 20*b - 10. Let k be l(z). Calculate the highest common divisor of k and 33.
11
Let x = 62 - 40. Suppose 4*j - x = 2*j. Calculate the greatest common factor of 88 and j.
11
Suppose -456 + 78 = -2*j. Suppose 0 = -4*h - 20, i - 5*h - 106 = -2*i. What is the grea